{"id":2268,"date":"2020-12-31T05:09:21","date_gmt":"2020-12-31T05:09:21","guid":{"rendered":"http:\/\/www.prich.org\/webprich\/?page_id=2268"},"modified":"2021-01-20T04:37:01","modified_gmt":"2021-01-20T04:37:01","slug":"instalacion-soporte-y-mantenimiento-de-redes-y-equipos-de-ti","status":"publish","type":"page","link":"https:\/\/www.prich.ec\/?page_id=2268","title":{"rendered":"Instalaci\u00f3n, Soporte y Mantenimiento de Redes y Equipos de TI"},"content":{"rendered":"\t\t<div data-elementor-type=\"wp-page\" data-elementor-id=\"2268\" class=\"elementor elementor-2268\">\n\t\t\t\t\t\t<section class=\"elementor-section elementor-top-section elementor-element elementor-element-a4eefe0 elementor-section-content-middle elementor-section-boxed elementor-section-height-default elementor-section-height-default\" data-id=\"a4eefe0\" data-element_type=\"section\" data-e-type=\"section\">\n\t\t\t\t\t\t<div class=\"elementor-container elementor-column-gap-wide\">\n\t\t\t\t\t<div class=\"elementor-column elementor-col-50 elementor-top-column elementor-element elementor-element-5bc2a37\" data-id=\"5bc2a37\" data-element_type=\"column\" data-e-type=\"column\">\n\t\t\t<div class=\"elementor-widget-wrap elementor-element-populated\">\n\t\t\t\t\t\t<div class=\"elementor-element elementor-element-4633f71 elementor-widget elementor-widget-heading\" data-id=\"4633f71\" data-element_type=\"widget\" data-e-type=\"widget\" data-widget_type=\"heading.default\">\n\t\t\t\t<div class=\"elementor-widget-container\">\n\t\t\t\t\t<h4 class=\"elementor-heading-title elementor-size-default\">Instalaci\u00f3n, Soporte y Mantenimiento de Redes y Equipos de TI.\n<\/h4>\t\t\t\t<\/div>\n\t\t\t\t<\/div>\n\t\t\t\t<div class=\"elementor-element elementor-element-240cc9c elementor-widget elementor-widget-text-editor\" data-id=\"240cc9c\" data-element_type=\"widget\" data-e-type=\"widget\" data-widget_type=\"text-editor.default\">\n\t\t\t\t<div class=\"elementor-widget-container\">\n\t\t\t\t\t\t\t\t\t<p><b>Fibra \u00f3ptica:\u00a0<\/b>Redes GPON, ingenier\u00eda, soporte, mantenimiento y auditor\u00eda.<br \/><b>Enlaces Microonda:\u00a0<\/b>inal\u00e1mbricos de banda ancha con sistemas PTP y PMP, con sistemas flexibles de instalaci\u00f3n. Enlaces de \u00faltima milla.<br \/><b>Cableado estructurado \u2013 Inteligentes<\/b>:\u00a0para administraci\u00f3n de infraestructuras con tableros de transferencia de energ\u00eda.<\/p>\t\t\t\t\t\t\t\t<\/div>\n\t\t\t\t<\/div>\n\t\t\t\t<div class=\"elementor-element elementor-element-c9ac5b3 elementor-widget elementor-widget-text-editor\" data-id=\"c9ac5b3\" data-element_type=\"widget\" data-e-type=\"widget\" data-widget_type=\"text-editor.default\">\n\t\t\t\t<div class=\"elementor-widget-container\">\n\t\t\t\t\t\t\t\t\t<p>___________<\/p>\t\t\t\t\t\t\t\t<\/div>\n\t\t\t\t<\/div>\n\t\t\t\t\t<\/div>\n\t\t<\/div>\n\t\t\t\t<div class=\"elementor-column elementor-col-50 elementor-top-column elementor-element elementor-element-0b5145e\" data-id=\"0b5145e\" data-element_type=\"column\" data-e-type=\"column\">\n\t\t\t<div class=\"elementor-widget-wrap elementor-element-populated\">\n\t\t\t\t\t\t<div class=\"elementor-element elementor-element-6677491 elementor-widget elementor-widget-image\" data-id=\"6677491\" data-element_type=\"widget\" data-e-type=\"widget\" data-widget_type=\"image.default\">\n\t\t\t\t<div class=\"elementor-widget-container\">\n\t\t\t\t\t\t\t\t\t\t\t\t\t\t\t<img fetchpriority=\"high\" decoding=\"async\" width=\"923\" height=\"616\" src=\"https:\/\/www.prich.ec\/wp-content\/uploads\/2021\/01\/network-enginee2.jpg\" class=\"attachment-large size-large wp-image-3780\" alt=\"\" srcset=\"https:\/\/www.prich.ec\/wp-content\/uploads\/2021\/01\/network-enginee2.jpg 923w, https:\/\/www.prich.ec\/wp-content\/uploads\/2021\/01\/network-enginee2-300x200.jpg 300w, https:\/\/www.prich.ec\/wp-content\/uploads\/2021\/01\/network-enginee2-768x513.jpg 768w\" sizes=\"(max-width: 923px) 100vw, 923px\" \/>\t\t\t\t\t\t\t\t\t\t\t\t\t\t\t<\/div>\n\t\t\t\t<\/div>\n\t\t\t\t\t<\/div>\n\t\t<\/div>\n\t\t\t\t\t<\/div>\n\t\t<\/section>\n\t\t\t\t<\/div>\n\t\t","protected":false},"excerpt":{"rendered":"<p>Instalaci\u00f3n, Soporte y Mantenimiento de Redes y Equipos de TI. Fibra \u00f3ptica:\u00a0Redes GPON, ingenier\u00eda, soporte, mantenimiento y auditor\u00eda.Enlaces Microonda:\u00a0inal\u00e1mbricos de banda ancha con sistemas PTP y PMP, con sistemas flexibles de instalaci\u00f3n. Enlaces de \u00faltima milla.Cableado estructurado \u2013 Inteligentes:\u00a0para administraci\u00f3n de infraestructuras con tableros de transferencia de energ\u00eda. ___________<\/p>\n","protected":false},"author":1,"featured_media":0,"parent":0,"menu_order":0,"comment_status":"closed","ping_status":"closed","template":"","meta":{"footnotes":""},"class_list":["post-2268","page","type-page","status-publish","hentry"],"_links":{"self":[{"href":"https:\/\/www.prich.ec\/index.php?rest_route=\/wp\/v2\/pages\/2268","targetHints":{"allow":["GET"]}}],"collection":[{"href":"https:\/\/www.prich.ec\/index.php?rest_route=\/wp\/v2\/pages"}],"about":[{"href":"https:\/\/www.prich.ec\/index.php?rest_route=\/wp\/v2\/types\/page"}],"author":[{"embeddable":true,"href":"https:\/\/www.prich.ec\/index.php?rest_route=\/wp\/v2\/users\/1"}],"replies":[{"embeddable":true,"href":"https:\/\/www.prich.ec\/index.php?rest_route=%2Fwp%2Fv2%2Fcomments&post=2268"}],"version-history":[{"count":22,"href":"https:\/\/www.prich.ec\/index.php?rest_route=\/wp\/v2\/pages\/2268\/revisions"}],"predecessor-version":[{"id":3783,"href":"https:\/\/www.prich.ec\/index.php?rest_route=\/wp\/v2\/pages\/2268\/revisions\/3783"}],"wp:attachment":[{"href":"https:\/\/www.prich.ec\/index.php?rest_route=%2Fwp%2Fv2%2Fmedia&parent=2268"}],"curies":[{"name":"wp","href":"https:\/\/api.w.org\/{rel}","templated":true}]}}